composite number?
False
Let g(v) = 15*v**3 + 11*v**3 - 25*v**3 + v - 20*v - 14. Let l be g(9). Let w = l + 29. Is w a prime number?
False
Let k = -338 + 573. Is (2 + k)*(-11)/(-33) a composite number?
False
Let a = 123 + -77. Suppose 18*f - 8 = a. Suppose 2793 = f*x - 9510. Is x a composite number?
True
Let f = -14299 + 307638. Is f a prime number?
True
Is 5 + -20 + 100262 + 20 prime?
True
Let a(n) be the second derivative of 11*n**4/12 + 7*n**3/6 + 15*n**2/2 - n + 3. Is a(6) composite?
True
Suppose -5*z - 3 = 3*d + 14, 4*d = -3*z - 19. Is (6 - 10) + z/((-2)/4330) a prime number?
True
Let f(x) = -14 + 3*x - x + 8 - 5*x + 10 + 886*x**2. Let q be ((-2)/3)/(6/(-9)). Is f(q) a composite number?
False
Let p = -34 + 37. Let c be (-6*p*1)/(-2) + -4. Is (-13755)/42*(-2)/c a composite number?
False
Let h = 61 + 136. Suppose f = h + 3450. Is f a composite number?
True
Suppose -7*z = -6*z - 2*b + 27510, 4*z + b = -110022. Is z/(-6) - ((-40)/(-6))/5 a composite number?
False
Let q(j) = 11*j**2 + 93*j + 3795. Is q(-64) prime?
True
Let n(i) be the first derivative of -7*i**2/2 + 3*i + 2. Let w be n(-6). Let u = w + -41. Is u prime?
False
Suppose -353870 = -8*q + 59258. Is q a prime number?
False
Let b(w) = 95*w + 79. Let z be b(25). Suppose 11*c = 15555 - z. Is c composite?
True
Suppose -24 = 18*s - 14*s, -396553 = -5*u - 2*s. Is u prime?
False
Let o = 259143 - 178250. Is o prime?
False
Suppose -2*l + 4*l + 11190 = 0. Is (l/25)/(7/(-35)) a composite number?
True
Suppose 64*o - 2*o - 19841372 = 35460582. Is o composite?
False
Let j = -1379183 + 2921302. Is j prime?
True
Suppose 5*r + 3*a = -27, -10*r + 3*a = -6*r. Is r - 167/(-2*1/4) a prime number?
True
Let s(c) = 1703*c**2 + 8*c - 333. Is s(19) composite?
True
Suppose -15 - 50 = -13*q. Suppose -r = -6*r - q*m + 64480, 0 = -2*m + 2. Is r composite?
True
Suppose 9*q = 8*q + 2*f, 2*q = 3*f. Suppose q = 3*y - 6*y + 6843. Is y a composite number?
False
Let n(k) = 7*k**3 - 13*k**2 + 29*k - 11. Let a be n(8). Suppose -871*x - a = -874*x. Is x a composite number?
False
Let t(q) = -41502*q - 2491. Is t(-9) a composite number?
False
Let z = 42974 + -23235. Is z prime?
True
Let o(s) = -27*s + 32. Let v be o(1). Suppose 0 = -2*u - v*q + 15691, 5*u = 4*q + 17109 + 22168. Is u a prime number?
True
Suppose -6*v - 37915 = 44555. Is (v/(-15))/(20/(-3) + 7) composite?
False
Let n(f) = 989*f + 75. Suppose -4*i = -5*b + 10, -4*b + 2*i + 20 = b. Is n(b) a prime number?
False
Suppose 3499493 = 64*s - 48219. Is s composite?
True
Suppose m - 44362 = -0*m - j, 5*m - 4*j - 221819 = 0. Suppose -19*t + m = -8*t. Is t a composite number?
True
Suppose -3*k - 4 = -o, 0 = -5*o - 0*k + 3*k + 20. Suppose 2*j + 5*h = 3321, 0 = -o*j + h - 6*h + 6617. Let x = j - 761. Is x a prime number?
True
Let c be (-5)/((-30)/34)*(3713 + -2). Suppose 4*x + 4*p + 919 = 43019, -2*x = -5*p - c. Is x prime?
False
Let p be (-34036)/10 + 5/25*3. Let w = 5102 + p. Suppose -3204 = -3*k - x, 3*x - w = -3*k + 1499. Is k a composite number?
False
Let a = -23632 - -59027. Is a a composite number?
True
Suppose 4980 = 7*a - 5576. Suppose -5*l - a = -l. Let j = l - -684. Is j prime?
True
Let n(d) = 456*d + 78. Let v(r) = 65*r + 11. Let w(f) = 4*n(f) - 27*v(f). Let a be w(8). Suppose -c + 555 = 2*p - 0*p, -c + a = -p. Is c a prime number?
True
Let g(y) = 3*y**2 - 19*y + 29. Let s be g(4). Is 259/s*21/21 composite?
True
Let b(z) = 234*z - 2323. Is b(39) a prime number?
True
Is (-576)/(-72) + 10534 + (-2 - -1) prime?
False
Let v be 352/(1/2 + 0). Let o = -377 + v. Suppose -4*r + 7*r = o. Is r a prime number?
True
Suppose 0 = 27*s + 4282 - 4363. Let r = -15078 - -26795. Suppose -2*w + s*j + 15616 = 2*w, -3*w + j + r = 0. Is w composite?
False
Let x(p) = 329328*p**2 + 15*p - 16. Is x(1) composite?
True
Suppose -16 + 10 = -3*x. Is x + -2 + -5 + 15100 composite?
True
Let j = 2320980 + -653401. Is j a composite number?
False
Suppose -15*g + 15402 = -9*g. Let w = g + -1804. Suppose -3*z + w = -1832. Is z a prime number?
False
Is 667807*(-6)/420*-10 a composite number?
False
Suppose 557*z + 311*z - 245877899 = 95859777. Is z composite?
True
Let g = 414 - 291. Suppose -8076 = -g*o + 117*o. Is o a prime number?
False
Suppose -t - 2*t + 18 = 5*b, 2*t - 2 = 0. Let p(o) = -8*o**2 + 25*o + 18. Let f(j) = 7*j**2 - 25*j - 19. Let x(s) = b*p(s) + 4*f(s). Is x(-23) composite?
True
Let a(n) = 129*n**2 - 349*n + 135. Is a(-88) a prime number?
True
Suppose 11*t = 7*t + 2*s + 160176, -4*s = -3*t + 120142. Is t prime?
False
Let a = 323 - 361. Let u(d) = -87*d + 187. Is u(a) a composite number?
True
Let b be 1 - (3 + (-6)/3). Let v be 2*(-3)/(-3) + b. Suppose 0*r + 2*r - 42 = -2*i, 96 = 4*i - v*r. Is i a composite number?
False
Let g(m) = 2*m - 7. Let a be g(5). Suppose 0 = a*s - 4 - 2. Suppose 4*x = -3*v + 1002, s*v = x - 2*v - 241. Is x prime?
False
Let l(j) = -481*j - 175*j - 11 + 4*j - 48*j. Is l(-4) composite?
False
Let z be (-2)/9 - 370/(-45) - 0. Suppose -8168 = -z*o + 10496. Is o a composite number?
False
Let l(s) = 891*s**3 - 2*s**2 - 4*s - 5. Let u be l(3). Suppose -5*t - h + 36013 = -2*t, 0 = -2*t - 4*h + u. Is t a composite number?
True
Let l be -1 + (33/15 + -3)*-5. Let o be (l + 2 + -1)*2/4. Is o/((-4)/223*3/(-42)) a prime number?
False
Suppose -64796*o + 3721293 = -64787*o. Is o prime?
True
Suppose -533*b = -528*b. Suppose 5*v = 5, -2*d + 7*d - 4*v - 4531 = b. Is d prime?
True
Suppose -4*g + 77438 = 25*b - 27*b, -2*g - b + 38713 = 0. Let l = g - 12759. Is l a composite number?
False
Let q = 8649 - 1846. Is q a prime number?
True
Let g(z) = -z**3 - 25*z**2 - 28*z + 31. Let n(c) = -c**2 + 4*c + 8. Let u be n(-4). Is g(u) composite?
False
Let m(s) = -s - 7. Suppose 0 = 2*d + r + 22, 4*r + 52 = -5*d - 0*d. Let w be m(d). Suppose 0 = w*v - 2*i - 10265, -4*v + 2*i - 4885 = -13099. Is v prime?
False
Let v(i) = 8*i - 4. Let p be v(-2). Let k = p + 22. Suppose -o + k*d + 1070 = 3*o, 5*o - 3*d - 1338 = 0. Is o a composite number?
True
Suppose -42*d = -39*d - y - 22238, 4*d - 2*y - 29654 = 0. Let a = 14862 - d. Is a composite?
False
Suppose -3*a - 3*q = -5*q + 26, 75 = -5*a - 3*q. Let z be a/18*(-6)/(-2). Is (1165/(-3))/(z/6) a composite number?
True
Let c(a) = 137*a - 15. Let p be c(1). Let m = 22 - 17. Let i = m + p. Is i a composite number?
False
Let k = 17 - -61. Let u be 63102/20 - (931/190)/49. Suppose u = 83*h - k*h. Is h prime?
True
Let b = 827908 - 415803. Is b a prime number?
False
Let r = -2493 + 14524. Suppose -7*s + r = -240. Is s a composite number?
False
Let o(j) = -2201*j + 2324. Is o(-27) prime?
True
Let t = -583 + 586. Suppose 4*h - 5*f - 38654 = 22469, t*h + 3*f - 45822 = 0. Is h a prime number?
True
Suppose -2*h + 3*r - 5596 = 27, r + 2814 = -h. Let q = h + 4170. Is q composite?
True
Let i = -1099 + 8502. Is i a prime number?
False
Suppose -83116 + 1541156 = 48*m - 8*m. Is m a prime number?
True
Let u(c) = 59*c. Let t be u(1). Let x(w) = 25*w - 48 - w**3 - 10*w + t - 6*w**2. Is x(-8) composite?
False
Let z(o) = -90*o - 25. Suppose 3*l - 27 = 6*l. Is z(l) a prime number?
False
Let i = 131 - 136. Let d(f) = -2*f**3 - 9*f**2 + 8*f + 12. Let k be d(i). Is (k - -7)*(-10213)/(-28) prime?
True
Let g(s) = s**2 + s - 1. Let x be g(-3). Suppose 0 = -x*b - 39 - 21. Is 6/b*-746*(-1 - -2) a prime number?
True
Let q be -2859*(-6 - 114/(-18)). Let s = -679 + 435. Let y = s - q. Is y a prime number?
True
Suppose -7*b = -18849 - 54469. Is (1 - b)*(-8)/24 a prime number?
True
Suppose 0 = -4*a + 12 - 8. Suppose c = t + a, 5*c + 7 = 6*c + 2*t. Suppose 0*d - 3*j - 327 = -d, -c*d + 5*j = -997. Is d a prime number?
False
Let w = 36882 - -2071. Is w a composite number?
False
Let k = -23740 + 44606. Is k prime?
False
Suppose 364*f - 361193653 - 253207407 = 0. Is f prime?
False
Let v be -47*(-140)/(-5 - -1). Let f = v + 2864. Is f prime?
False
Let j(w) = 2*w**2 + 21*w + 52. Let z be j(-4). Suppose -18*f + 22*f - 4012 = z. Is f a composite number?
True
Suppose 71 + 24 = 5*j. Suppose -m = -4*s - j, 0*m - 5*s - 14 = 2*m. Suppose 7*x - m*x - 1924 = 0. Is x a prime number?
False
Let d be (6/(-9))/1*57/(-2). Suppose 18*h = d*h. Suppose 5*w - 954 - 616 = h. Is w a prime number?
False
Suppose 25*f + 3558389 = 42*f. Is f a prime number?
True
Suppose -2*f - 5*l + 9 = -0, 1 = 2*f - 3*l. Let y(d) = -d**